12/48). Let a = s + -67. What is the tens digit of a?
7
Suppose 8*q - 489 - 287 = 0. Suppose -q - 135 = -4*l. What is the units digit of l?
8
Suppose -i + 3 = d, 0*i - i - 17 = 5*d. Let j be i/20 - (-204)/15. What is the tens digit of (-16)/56 + 186/j?
1
Suppose g + 6909 = 5*p, 11*g = 4*p + 9*g - 5532. What is the thousands digit of p?
1
Suppose -4*h = 2*g - 588, -2*h + 4*g = 3*g - 290. What is the units digit of h?
6
Let a(k) = -k**3 + 7*k**2 - 7*k + 2. Let c be a(6). Let h be (6 + c)*(-210)/(-4). Suppose 0*d - 3*d = 0, h = 3*q + 5*d. What is the tens digit of q?
3
Suppose 151*t - 150*t - 836 = 3*v, -2*v - 4219 = -5*t. What is the hundreds digit of t?
8
Let o(n) = 4*n**2 + 2*n + 1. Let b be o(-1). What is the tens digit of b/(3 + -6) - -124?
2
Let l(i) = i**2 - 2*i - 4. Let c be l(-2). Suppose -h - 4*x - c = -x, -5*h - x + 36 = 0. Let y = h - 4. What is the units digit of y?
4
Suppose 5*v - 1147 = 2*g, 3*g - 339 = -2*v + 116. Suppose 3*j - 4*l = -j + 452, -5*l - v = -2*j. What is the units digit of j?
2
Suppose -109 = -4*x + 75. Suppose 2*w = w. Suppose -5*u + x + 24 = w. What is the units digit of u?
4
Let w(a) = -4*a**3 - 3*a**2 + 50*a + 70. What is the tens digit of w(-12)?
5
Suppose 0 = 10*z - 8*z - k - 3727, 4*z = -3*k + 7479. What is the thousands digit of z?
1
Let j(k) = 0*k + 4*k**2 - 5*k**2 - k - 2 - 4*k. Let f be j(-4). Suppose 4*n - f*n - 8 = 0. What is the units digit of n?
4
Let r = -82 - -378. What is the tens digit of r?
9
Suppose -103 = -3*u + 59. What is the units digit of (u/81)/(4/1146)?
1
Let c = 974 + -348. Suppose 0 = 5*l + 2*d + 2*d - c, -4*d = 4. What is the hundreds digit of l?
1
Let o be (-2)/10 + (-4)/5. Let q be (3 + o - 0) + 2. What is the tens digit of (q/8)/((-1)/(-58))?
2
Suppose 372 = -i + 966. What is the tens digit of i?
9
Let l(u) = -17*u + 9. Let r be l(-6). Let n = 196 - r. What is the tens digit of n?
8
Let q be 6*(-44)/12*1*-10. Let i = 338 - q. What is the hundreds digit of i?
1
Suppose 98*s - 7533 = 89*s. What is the units digit of s?
7
Let t(a) = a**3 - 3*a**2 + 2*a + 2. Suppose -3*z = -2*z - 2. Let h be t(z). Suppose h*b - 4*b = -86. What is the units digit of b?
3
Suppose u + 4*v - 133 + 27 = 0, 3*u = 2*v + 360. What is the units digit of u?
8
Let v = 6 + -3. Suppose x + 34 = 3*t - 11, -v*x - 60 = -4*t. What is the tens digit of t?
1
Suppose 5*t + k - 12888 - 7932 = 0, 0 = -t - 3*k + 4178. What is the tens digit of t?
6
Suppose -9*x - 53 + 197 = 0. What is the units digit of (100/x)/5 - 1/4?
1
Let d(k) = 54*k - 163. What is the units digit of d(13)?
9
Suppose 4*m + 2*q + 3*q - 45 = 0, m - 2*q = -5. Suppose m*p - 1 = 4. What is the units digit of p*2/(2 + 0)?
1
Let p(i) = 28*i**2 + 17*i - 51. What is the units digit of p(14)?
5
Suppose -4*a = 2*q + 14, 19 = -3*a - 4*q - 4. Let z be 3/12 - (-25)/(-4). What is the units digit of -1 + z*(-2 - a)?
5
Let i = -789 - -2987. What is the tens digit of i?
9
What is the tens digit of ((-3 - -4) + 3944)/3?
1
Let o be (4 + -3)/(1 - 2). Let c = 73 + -76. Let n = o - c. What is the units digit of n?
2
Let k be 2/(-6)*-3 + 661. Suppose 4*o + 60 + 90 = n, 2*o = -5*n + k. What is the units digit of n?
4
Suppose 2*g - 6 = 0, -3*g = -o + 2*g + 957. Suppose -5*c + 316 = -5*h - 889, -4*c - 4*h = -o. What is the hundreds digit of c?
2
Let z(j) = 8*j + 33. Let b be z(6). Suppose 5*y - 144 = b. What is the units digit of y?
5
Let b be -6*(-3)/9 + -465. Let c = b - -739. Suppose 2*k + 3*l - 33 = 76, -5*k - 4*l = -c. What is the units digit of k?
6
Let v = 3981 + -1243. What is the thousands digit of v?
2
Let d = -1537 - -2406. What is the units digit of d?
9
Let w = -22 + 111. Suppose 4*x + w = 5*x. Suppose -x = -4*z + 59. What is the tens digit of z?
3
Let q(r) = -10*r**2 + r + 5. Let p(x) = -11*x**2 + 2*x + 6. Let k(i) = 5*p(i) - 6*q(i). What is the tens digit of k(3)?
5
Let v be 2/(-2)*(4 + -6 - 3). Suppose -v*h - 310 = -3*u, -290 = -3*u - 0*u - 5*h. What is the hundreds digit of u?
1
Let q(g) = 2*g**3 + g**2 + 3*g + 5. Let b be q(5). Suppose -374 = -5*t + 2*h, 4*t - b = 2*h + h. What is the tens digit of t?
7
Let d(q) = q**2 + 7*q + 6. Let j be d(-5). Let l(o) = -o - 1. Let f be l(j). Suppose 104 = y + f*y. What is the units digit of y?
6
Let q(b) = 3*b**2 - 7*b + 1. Let w(n) = 10*n**2 - 21*n + 5. Let x(m) = 7*q(m) - 2*w(m). Suppose 6 + 2 = y. What is the units digit of x(y)?
5
Let g be (1 + -2)*-10 + 3. Suppose z - 3*z + 3*d + g = 0, -2*z - 2*d = 2. Suppose 2*l - 4 = 4*q, 1 = -l - z*q + 7. What is the units digit of l?
4
Suppose 4*s - 31 = -2*u - 3*u, 2*s = u - 9. Let z be -2 + 7 - (8 + 3 + -8). What is the units digit of (7*z)/(u - 5)?
7
Let x = 29 - 21. What is the units digit of x?
8
Suppose 12 = l + 2*l. Let k(g) = -g**2 + 4*g + 5. Let y be k(l). Suppose 10 + 4 = q + b, 4*b = y*q - 79. What is the tens digit of q?
1
Let c(g) = -g**3 - 8*g**2 - 7*g - 11. Let r be c(-7). Let l be (3 - r)*2/4. Suppose -4*a - 66 = -l*a. What is the tens digit of a?
2
Let l(u) = 35*u + 22. What is the hundreds digit of l(6)?
2
Let g = 0 - 9. Let z = g + 54. What is the tens digit of z?
4
Let n = 3140 + 72. What is the tens digit of n?
1
Let k(v) = 134*v**2 + 23*v + 14. What is the units digit of k(4)?
0
Let c(d) = 5*d**2 + 5*d + 24. What is the tens digit of c(-8)?
0
Let m be 1/(-4) - (6 - 66/(-24)). What is the units digit of ((42/m)/(-7))/((-4)/(-246))?
1
Let b(i) = 60*i**2 - 24*i**2 + 10 - 31*i**2 - 9*i. What is the tens digit of b(5)?
9
Let t(h) = -7*h + 2 - 6*h + h**2 + 0*h**2 + 18*h. What is the units digit of t(4)?
8
Let o(c) = -c**3 + 3*c**2 + 4*c + 4. Let a be o(4). Suppose -5*j - 155 = -a*k, -4*k + 3*k - j = -32. What is the units digit of k?
5
Suppose 3*i - 9 = 5*t, -12 = -9*t + 6*t - 4*i. Suppose t = 24*w - 20*w - 792. What is the tens digit of w?
9
Let z = -27 + 33. Suppose z*t = 71 + 25. What is the units digit of t?
6
Let m = 0 - -1. Suppose u + m = -0*u. Let t = 1 - u. What is the units digit of t?
2
Let g be (-12)/(-9)*6/(-4). Let c = 47 - 43. Let a = c - g. What is the units digit of a?
6
Suppose -4*t = b - 70, -b - t + 388 = 4*b. Let p = 55 - 108. Let l = b + p. What is the tens digit of l?
2
Let s(l) = -l**3 + 6*l**2 - 2*l + 20. Let t be s(6). Suppose -f + 43 + 33 = 2*d, -82 = -2*d + 2*f. Suppose -z = -d + t. What is the tens digit of z?
3
Let h(z) = -3*z**2 + z + 6. Let l(v) be the first derivative of v**3 - v**2/2 - 5*v + 5. Let m(k) = 4*h(k) + 5*l(k). What is the units digit of m(-1)?
3
Let k(m) = 1288*m**2 + 4*m + 7. What is the hundreds digit of k(-1)?
2
Let q = -3 + 2. Let p(j) = 133*j**2 - j. Let r be p(q). Suppose -4*z + r = 5*t, 3*z - 5 + 2 = 0. What is the units digit of t?
6
Let j = -176 + 649. What is the tens digit of j?
7
Let c be (15/9 - 1) + (-51672)/18. What is the hundreds digit of ((c/(-6))/7)/((-2)/(-6))?
2
Let c be 4/(-18) + (-357)/(-27). Suppose -x = 4*y - 8 - c, -4*y - 4*x = -36. What is the units digit of y?
4
Let i(w) = 12*w - 1. Let n be i(6). Suppose 4*k - n = 137. What is the tens digit of k?
5
Suppose -5*c - 52 = -n, 148 = 3*n + n - 5*c. Suppose 3*u - 303 = -4*j - n, 352 = 4*u + 3*j. Let i = u - 38. What is the units digit of i?
7
Let y(p) = p**2 + 2*p - 7. Let b be y(5). Let v = b - -15. Suppose -2*t + 69 = -v. What is the units digit of t?
6
Let l be 1 + 4560/25 - (-4)/(-10). Suppose 2*r + 3*v = l, 0 = -5*r + 5*v + 204 + 216. What is the units digit of r?
7
Let y(j) = -j + 16. Let f(k) be the second derivative of -k**3/3 + 16*k**2 + 6*k. Let m(q) = 3*f(q) - 5*y(q). What is the units digit of m(0)?
6
What is the tens digit of 2 - (6930/(-75) + (-2)/(-5))?
9
Let j(f) = 0*f**2 - 4 - 21*f + 3*f**2 - 2*f**2. What is the units digit of j(24)?
8
Suppose -7 = -4*w - d, -12 + 47 = 5*w - 4*d. Suppose 73 + 8 = w*j. What is the tens digit of j?
2
Let x(f) = -2*f**2 - 10*f - 17. Let a be x(-7). Let u = -36 - a. Suppose -82 = -4*l - 5*y, 5*y = -l + 4 + u. What is the units digit of l?
3
Let a(w) be the third derivative of 2*w**5/5 + 5*w**4/24 - 2*w**3/3 + 19*w**2. What is the hundreds digit of a(-3)?
1
Let a be (3 - 1 - 0) + 2. Let k be (-513)/(-6)*2/3. Suppose -a*n - 21 = -k. What is the units digit of n?
9
Let o(t) = -t**3 - 11*t**2 + 13*t + 7. Let m be o(-12). Let s(x) = 7*x**2 + 8*x + 4. What is the hundreds digit of s(m)?
1
Let m(x) be the s